 + 2888/88 is divided by m?
16
Let s = -1 + -1. Let k be 24 + s/2 + 2. Let t = -13 + k. What is the remainder when 34 is divided by t?
10
Suppose -5 = -4*v + 7. Suppose 0 = -0*x + v*x - 36. Let u = 18 - x. Calculate the remainder when 11 is divided by u.
5
Suppose -5 = 2*f - 11. Suppose a - 59 = -f*h, 27 = h - 0*a + 4*a. Calculate the remainder when 55 is divided by h.
17
Let s be (-198)/(-36) + 6/4. Suppose -r + s = -5. What is the remainder when 22 is divided by r?
10
Suppose -5 = 2*m - 21. What is the remainder when (-2 + -11 + -1)/(-1) is divided by m?
6
Suppose -3*i + f + 21 = 2*i, 5*i = -3*f + 17. Suppose -i*v + 80 = v. Suppose 4*r - v = -r + 3*b, 3*r = 3*b + 12. What is the remainder when 6 is divided by r?
0
Suppose 4*x + 15 = -9. Let j(h) = -h - 1. What is the remainder when j(x) is divided by 4?
1
Let p(j) = -j**2 - 10*j. Let i(t) = 5*t - 3. Let g be i(4). Suppose -2*n - 2*q + g = n, -5*n = -3*q - 60. What is the remainder when p(-8) is divided by n?
7
Suppose -3*b + 15 = 0, -4*s + b + 11 = -4. Suppose -5*l + 4*w + 47 = 0, s - 3 = 2*l + 4*w. What is the remainder when 11 is divided by (-1 - 0) + l + -2?
3
Let z = 54 + -37. Suppose -2*a = 2*i - 8, -2*i + 0*a = a - 12. Suppose -4*w - 36 = -i*w - 3*c, -5*c = 2*w - 32. What is the remainder when z is divided by w?
5
What is the remainder when 31 is divided by (11/(-2))/((-3)/6)?
9
Let p(j) = -6*j. Let t be p(-1). Let f be 5/1 + t/(-2). Suppose -16 + f = -2*x. Calculate the remainder when 18 is divided by x.
4
Let c = 7 + -7. Suppose c = -j + 5*d + 7 + 36, 28 = j - 2*d. What is the remainder when j is divided by 7?
4
Let j = -1 - -4. Suppose -3*g + 16 = 3*b - 5*g, g = -4*b + 14. Calculate the remainder when b is divided by j.
1
Let v = 31 + -2. What is the remainder when v is divided by 6?
5
Let t be 3 + (-3 - -5) + -3. Suppose -t*c = 5*f, c - 1 = 4*f + 12. Calculate the remainder when 14 is divided by c.
4
Suppose 2*p = 72 + 64. Calculate the remainder when p is divided by 24.
20
Let q = -18 + 29. What is the remainder when 30 is divided by q?
8
Suppose -42 = -3*z - 15. Calculate the remainder when 16 is divided by z.
7
Suppose -5*z + 69 = 2*t + 10, 5*t = -z + 90. Calculate the remainder when 46 + (0 - (1 - 3)) is divided by t.
14
Let j(o) = 5*o - 1. What is the remainder when j(11) is divided by 14?
12
Let b(s) = -s + 26. Let c be b(0). Suppose -c - 29 = -5*t. Calculate the remainder when 39 is divided by (-3 + t - -2)*2.
19
What is the remainder when 25/4 - (-10)/(-40) is divided by 2?
0
Let f = -24 - -36. Let c = -2 + 3. What is the remainder when f is divided by 174/24 - c/4?
5
Let l = -49 + 81. Calculate the remainder when l is divided by 12.
8
Let k = 29 - -44. What is the remainder when k is divided by 11?
7
Let n(g) = -g**3 + 10*g**2 + g + 15. Calculate the remainder when 147 is divided by n(10).
22
Suppose -13 = j - 2*j. Calculate the remainder when j is divided by 7.
6
Suppose -5*z + 12 = -2*z. Let m = z - 2. Suppose 5*p - 3*h = 22, 0*p + m*h + 12 = 2*p. What is the remainder when 5 is divided by p?
1
Let i be -11*(0 + -1)/1. Suppose -x + 2*g = g - i, 2*x - 21 = g. Let q = 33 + -15. Calculate the remainder when q is divided by x.
8
Let k(c) = -7*c. Calculate the remainder when 26 is divided by k(-1).
5
Let g(w) = -6*w + 1. Suppose 0 = -2*b - h + 17, -5*b = 3*h - 52 + 12. What is the remainder when g(-3) is divided by b?
8
Let x = 11 - 4. Suppose 4*o = 2*c - 30, c - 42 = -2*c + 3*o. What is the remainder when c is divided by x?
6
Let s = -6 + 15. What is the remainder when 16 is divided by s?
7
Let q = -8 + 32. Calculate the remainder when 45 is divided by q.
21
Suppose -4*d + 98 = 5*u - 0*u, 75 = 3*u - 3*d. Let y = u + 10. Suppose 3*n = 2*n + 17. What is the remainder when y is divided by n?
15
Let f(r) = -3*r - 6. Let y be f(-4). Let h = y - 3. Suppose -143 = -4*w - h. What is the remainder when w is divided by 12?
11
Suppose 3*j + j = 4*r, 40 = 5*j + 5*r. Suppose 3*p + 12 = -3*a, -p + 6 = -j*a - 30. Calculate the remainder when 49 is divided by -2*(-34)/a*-2.
15
Let b = -5 + 7. Suppose z - 5 = -p - b*p, 0 = 5*p - 3*z - 27. Suppose 77 = 2*u - 5*j, 3*u - 2*j - 73 = -p*j. Calculate the remainder when u is divided by 9.
8
Let l = 43 - 29. Let c be (-5)/(-2 - 5/(-2)). Let k = c + l. What is the remainder when 7 is divided by k?
3
Suppose -2*s + 5*n = -46, 5*s - 121 - 17 = n. Suppose i - 5*r - 20 = 0, 12 = -5*i - 2*r + 85. Calculate the remainder when s is divided by i.
13
Let j(z) be the second derivative of -z**3/6 + 9*z**2 - 6*z. Calculate the remainder when 14 is divided by j(13).
4
Let c(d) = 14*d - 1. What is the remainder when c(2) is divided by 7?
6
Suppose q - 41 = 23. Calculate the remainder when q is divided by 17.
13
Let m(q) = 20*q**2. Let y be m(1). Suppose 0 = -2*v - 0 + y. Let w = -38 - -67. Calculate the remainder when w is divided by v.
9
Suppose o - 2*g - 32 = -7*g, 3*o - g = 96. Calculate the remainder when 127 is divided by o.
31
Suppose 0 = -2*o - 0*o - 2. Let b = 7 + o. Calculate the remainder when 29 is divided by b.
5
Let h be (-6)/5*(-5)/(-1). Let k(q) = -5*q - 6. What is the remainder when k(h) is divided by (-2)/(2 - (-84)/(-39))?
11
Suppose -3 = -3*z + 9. Suppose z*u = u + 105. Suppose -22 = -2*i + 2. What is the remainder when u is divided by i?
11
Suppose -3*o = -2 - 1. Let t be (-34)/(-9) + 6/27. Let s = o + t. What is the remainder when 13 is divided by s?
3
Let j(l) = 0*l - l**2 + 4*l - 1 + 3*l**2. Suppose -3*k - 58 = -5*k. What is the remainder when k is divided by j(-4)?
14
Let o(w) be the first derivative of -w**4/4 - w**3/3 + w**2 + 5. Suppose -2*n - 1 = -z + 2*n, -5*n - 5 = 0. What is the remainder when 23 is divided by o(z)?
11
Let v = 42 + -8. Suppose -8 = i - v. What is the remainder when i is divided by (-18)/(-2) - (1 + -1)?
8
What is the remainder when 28 is divided by ((-9)/(-6))/(2/20)?
13
Suppose -g = 1 - 19. Calculate the remainder when 87 is divided by g.
15
Suppose -7*g = -4*g - 21. What is the remainder when 68 is divided by g?
5
Let q = -12 + 83. What is the remainder when q is divided by 18?
17
Suppose 4*u - 3*f = 36, 5*u + 3*f - 14 = -f. Let v = u - 2. Calculate the remainder when 13 is divided by v.
1
Suppose -5*q = 5*u - 30, 2*q + 3*u + 24 = 5*q. What is the remainder when q is divided by 4/3*(-1 - -4)?
3
Let g = -86 + 117. Suppose 38 + 30 = 4*o. What is the remainder when g is divided by o?
14
Let r = 17 + -6. Calculate the remainder when r is divided by 7.
4
Suppose 5*s - 81 = 4*k, 0*k + 4*k = -4*s + 36. Calculate the remainder when 62 is divided by s.
10
Let q(m) = -m**3 - 2*m**2 - m + 1. Let s be q(-2). Let n(f) = -f. Let u(j) = -7*j. Let y(r) = s*u(r) - 6*n(r). What is the remainder when y(-1) is divided by 8?
7
Suppose -5*s - 5 = 4*u, 2*s - 29 = -s + 4*u. Suppose w + 16 = s*z + 51, 2*w - 79 = 3*z. Let o(q) = 7*q + 1. Calculate the remainder when w is divided by o(2).
14
Let g = -77 - -111. What is the remainder when 57*((-5)/3 - -4) is divided by g?
31
Suppose 5*r - 5*y = -2*y + 192, 4*y = -2*r + 82. What is the remainder when r is divided by 14?
11
Suppose c = 6 + 12. Let b = -30 + c. Calculate the remainder when 25 is divided by (11 - 0) + b/6.
7
Let m(u) = u + 17. Calculate the remainder when 6/9 - (-218)/6 is divided by m(-7).
7
Let t = 4 + 5. What is the remainder when 130/(25/5)*1 is divided by t?
8
Let k = 98 + 16. What is the remainder when k is divided by 39?
36
Suppose 88 - 29 = 3*j + g, -2*g = 2*j - 42. What is the remainder when 35 is divided by j?
16
Suppose r + 11 = 3*d - 12, 3*d - 79 = 5*r. What is the remainder when 5 is divided by r/(-49) - (-26)/7?
1
Suppose -18 + 5 = -r. Calculate the remainder when r is divided by (30/(-9))/(2/(-3)).
3
Let z(y) = -y**2 + 11*y - 2. Calculate the remainder when z(9) is divided by (-3)/12 + 75/12.
4
Suppose 0 = -17*w + 5*w + 3936. What is the remainder when w is divided by 11?
9
Suppose -5*m - 3*c - 73 = 28, 21 = -m - c. Let v = m + 31. Suppose -2*z - 52 = -2*y + 16, -4*y + z = -136. What is the remainder when y is divided by v?
10
Let c = -76 - -82. Calculate the remainder when 21 is divided by c.
3
Suppose 3*l + 3*b = 333, 4*l + 3*b = b + 442. Suppose 3*z = -8 + l. What is the remainder when z is divided by (-1)/(-3) + (-106)/(-6)?
16
Let d(u) be the second deriv